pose w - 1 = h. Calculate the greatest common divisor of w and 16.
2
Let a = -2091 - -2108. Calculate the greatest common divisor of a and 2363.
17
Suppose -2*q + 11 = 247. Let l = q + 121. Let v be (2/l)/(8/228). What is the greatest common factor of v and 133?
19
Let j(i) = -6*i**3 - 4*i**2 + 44*i + 363. Let k be j(-6). What is the highest common factor of k and 81?
9
Let r = 4245 + -4161. Let k = 2 - 0. Suppose k*a + 5*m - m = 64, 0 = 4*a - 4*m - 104. What is the greatest common factor of a and r?
28
Let v = 6903 - 6798. Calculate the greatest common factor of 1365 and v.
105
Let f = 46147 - 43298. Calculate the highest common divisor of 296 and f.
37
Suppose 23*v = -23*v + 53*v - 7. Suppose -19 = -2*a - 0*b - b, 3*a = 2*b + 25. Suppose -n + 0*n = -a. Calculate the greatest common factor of n and v.
1
Let c = 34 - -26. Let q be (2 + (-49 - 3))*-1. Let g = q + -38. Calculate the greatest common factor of g and c.
12
Suppose -73*k - 10088 = -19203 - 16946. Calculate the greatest common factor of k and 476.
119
Suppose 0 = -5*m - u + 256 + 10, 3*m - 2*u = 157. Let c be (-1087)/(-3) + 4/6. Let r = c - m. Calculate the greatest common factor of r and 31.
31
Let m(k) = -963*k + 11689. Let c be m(12). Calculate the greatest common divisor of 1246 and c.
7
Let o = 359 - 341. Suppose o*a = 548 + 316. Calculate the greatest common divisor of 16 and a.
16
Let n be (-10 - (-690)/20)*(-220)/(-35). Calculate the greatest common divisor of 658 and n.
14
Let j be (-6)/(-33) - (629958/(-66) + -5). What is the highest common divisor of 50 and j?
50
Suppose 0 = -3*g - f + 208, 66*f - 61*f - 340 = -5*g. What is the greatest common divisor of 10570 and g?
70
Let s = 311 + -113. Let w = 102 + 162. Calculate the highest common divisor of w and s.
66
Let x(o) = -o**2 + 1216. Let j be x(0). Let w(m) = 69*m - 1618. Let h be w(24). What is the greatest common divisor of h and j?
38
Suppose 2*s - 2*j - 32 = 0, 2*s - 5*j - 45 + 4 = 0. Suppose -2*g = 4*z - 1064, 18*z - s*z + 2063 = 4*g. What is the highest common divisor of 18 and g?
18
Let a be (3 - 9 - 229) + 1. Let s = a + 421. What is the greatest common divisor of 33 and s?
11
Let l be (-6 - -3) + (-8)/(-1). Suppose 0 = -3*g - 5*i + 2*i + 12, -g - l*i = -12. Suppose 5 = 3*j - 1. Calculate the highest common divisor of j and g.
2
Suppose -178*h + 181*h = 135. Suppose 0*b - b = -63. What is the greatest common factor of h and b?
9
Let d(c) = -24*c**2 - 193*c - 164. Let f be d(-7). Suppose 5*t + 733 = 4*u, t + 920 = 5*u - 4*t. Calculate the greatest common divisor of f and u.
11
Suppose -1294 = -11*w + 158. Calculate the greatest common factor of w and 220.
44
Let f = -339 + 352. Let s(t) = t**2 - 12*t + 15. Let w be s(f). Calculate the greatest common factor of 518 and w.
14
Let w(y) = -y**3 + 24*y**2 + y - 20. Let p be w(24). Suppose -p*i - 6 = -138. What is the highest common factor of 66 and i?
33
Suppose 0 = 3*m - 2*m - 87. Suppose 3*y - 4*t - 716 = 0, y + 2*t - 150 = 72. What is the highest common factor of m and y?
29
Suppose 4*p + 192 = v, -5*v - 42*p + 891 = -39*p. What is the highest common divisor of v and 230?
10
Let t be 1 - (-48)/(-60)*15/(-6). Calculate the greatest common factor of t and 89.
1
Suppose 0 = 5*z - 380 + 290. Calculate the highest common factor of 384 and z.
6
Suppose 51996 = 8*y + 2*d, y - d = 49 + 6448. Calculate the greatest common factor of 134 and y.
67
Let p = -16101 + 16833. What is the greatest common factor of p and 60?
12
Suppose -4*s - 2*s = -894. Let a = -112 + s. Calculate the greatest common factor of 74 and a.
37
Let k be (12 - (-1108)/16)/((-6)/(-192)). Calculate the greatest common divisor of 715 and k.
65
Let t(u) = -u**3 - 21*u**2 - 4*u - 42. Suppose -5*a - 3*x - 108 = 0, -2*x + 3 = -4*a - 79. Let f be t(a). Calculate the greatest common factor of f and 210.
42
Let q(r) = r**3 - 3*r**2 + 8*r + 89. Let v be q(0). Suppose 0 = -5*u - 5, 146 = i - 5*u - v. Calculate the highest common divisor of i and 60.
10
Let a(o) = o**2 - o + 1. Let k be a(6). Suppose 3*m = -l + 5, 3*l - k - 5 = -2*m. Let x be (-988)/(-28) - 2/7. What is the highest common divisor of x and l?
7
Let b be (-7426)/10 - 7/(245/14). Let a = -171 - b. What is the highest common divisor of 52 and a?
52
Let m = 6546 + -6538. What is the highest common divisor of 144 and m?
8
Suppose 25 = 2*g - 461. Let t = g + -230. What is the highest common divisor of 403 and t?
13
Let g(j) = j - 7. Let z be g(7). Let p(u) = -u**3 + u + 16. Let y be p(z). Let i = -184389 - -184533. Calculate the highest common factor of y and i.
16
Let j = 38 - 17. Let z = -16 + j. Let h be z*1/(5/17). Calculate the greatest common factor of h and 34.
17
Suppose -4*z + 1 = -11. Suppose 0 = 3*r + 5*m + 141, -2*r + z*r = -2*m - 46. Let d = r - -60. Calculate the highest common divisor of d and 20.
4
Suppose 0 = -11*y - 2667 + 6972 + 5760. Calculate the highest common divisor of 1891 and y.
61
Let s = -125 + 130. Let i be -3 + (0 - -2) + 5*s. Suppose 2*c + 2*c = i. Calculate the highest common divisor of 30 and c.
6
Suppose 2 = 2*a - 3*z + 1, 5*z - 41 = -2*a. What is the greatest common factor of 892 and a?
4
Let m(x) = 32*x**2 - 108*x - 416. Let o be m(-4). What is the greatest common divisor of o and 768?
48
Suppose 3*p = -16 + 112. Let t be (-1)/(((-6)/p)/(6/4)). Let f(i) = 2*i**2 - 7*i + 5. Let w be f(t). Calculate the highest common factor of w and 22.
11
Let w(t) = -77*t + 771. Let y be w(10). Let k = 26 + -16. Suppose 0 = 4*b + o - 5, 0 = -b - 4*b - 5*o + k. What is the highest common divisor of y and b?
1
Let n(y) = 8*y**2 + 581*y - 6243. Let s be n(11). What is the greatest common divisor of 60 and s?
12
Let u = -403 - -656. Let r be ((-46854)/(-7398))/(38/66). What is the highest common factor of r and u?
11
Let a be -12*((-1)/2 - 923/78). Let r = 159 - a. Calculate the highest common factor of r and 11.
11
Let m = -3573 + 3716. Suppose 14*y = 7*y + 182. What is the greatest common divisor of m and y?
13
Let l(g) = 255*g + 13. Let y be l(2). Let n = 1084 - y. Calculate the highest common divisor of 102 and n.
51
Let c be 1294/3 - 32/(-48). Let q = c - 184. Calculate the highest common divisor of q and 8.
8
Let k(l) = -2*l - 4. Let g be k(-6). Suppose -3*o + n = 915, -5*o + 7*n = 5*n + 1525. Let s = o - -313. What is the highest common divisor of g and s?
8
Suppose -356*x = -352*x - 3*j - 238, 3*j + 174 = 3*x. Calculate the greatest common factor of 632 and x.
8
Suppose -8*u = -216 - 176. Let g = -17 - 15. Let x = u + g. What is the greatest common factor of x and 17?
17
Suppose 0 = 289*w - 234*w - 5225. What is the highest common factor of 817 and w?
19
Suppose -4*u - 1832 = -4*s, -26*u = s - 22*u - 418. What is the highest common factor of s and 4800?
150
Suppose 2*p - 128 = -p + j, 0 = -2*p - j + 77. Let c = 370 - 206. What is the highest common divisor of c and p?
41
Let i be (26 + 1/(4/(-24)))*2 - -6. Calculate the highest common divisor of 2323 and i.
23
Let d(u) = -u**3 + 5*u**2 + 5*u - 8. Let s be d(4). Let q(b) = b**2 - 97*b + 2948. Let p be q(72). What is the highest common factor of p and s?
28
Let o = 4 - 1. Let z = 439 - 401. Suppose 0*w + o*w = 4*g + z, g = -3*w + 28. What is the highest common factor of 80 and w?
10
Let v(f) = -f**2 + 6*f + 5. Let k be v(6). Let x = k - 58. Let o = -39 - x. Calculate the greatest common divisor of 126 and o.
14
Let j(d) = 3*d + 111. Suppose 3*y - 17*y - 168 = 0. Let r be j(y). Calculate the greatest common factor of r and 15.
15
Let m be ((-101680)/6)/(-5) + (220/(-30))/(-11). What is the greatest common divisor of 80 and m?
10
Let j be (18/(-21))/(12/(-112)). Suppose -28 = j*y - 60. Calculate the highest common factor of y and 68.
4
Let j be (-2)/(-9) - 2/9. Suppose -2 = -j*l - l. Let r be -3 + (l - -16) - -2. Calculate the highest common divisor of 136 and r.
17
Suppose 143 = 13*t - 2*t. Let s be 5 + t/(-2) - (-286)/4. What is the greatest common factor of 30 and s?
10
Let x be 165/(10/(-396)*-11). What is the highest common factor of 1674 and x?
54
Let i(j) = 2*j**2 + 39*j - 51. Let w be i(-21). Let c(a) = a + 6. Let x be c(0). What is the highest common factor of x and w?
6
Suppose 6*c + y - 84 = 3*c, 3*y = 4*c - 112. Suppose 36 = -c*u + 37*u. Suppose 0 = 4*f - 3*f - 12. What is t